{"id":85,"date":"2022-01-09T05:56:11","date_gmt":"2022-01-09T05:56:11","guid":{"rendered":"https:\/\/panaze.ch\/?page_id=85"},"modified":"2022-10-08T18:32:23","modified_gmt":"2022-10-08T18:32:23","slug":"ueber-mich","status":"publish","type":"page","link":"https:\/\/wolkentanz7.ch\/?page_id=85","title":{"rendered":"\u00dcber mich"},"content":{"rendered":"\n<h2 class=\"wp-block-heading\">Will kommen <\/h2>\n\n\n\n<p class=\"has-text-align-center\"><\/p>\n\n\n\n\n\n<figure class=\"wp-block-gallery alignwide has-nested-images columns-3 is-cropped wp-block-gallery-1 is-layout-flex wp-block-gallery-is-layout-flex\">\n<figure class=\"wp-block-image size-full\"><img loading=\"lazy\" decoding=\"async\" width=\"958\" height=\"960\" data-id=\"421\" src=\"https:\/\/panaze.ch\/wp-content\/uploads\/2022\/08\/FB_IMG_1659852109761-1.jpg\" alt=\"\" class=\"wp-image-421\" srcset=\"https:\/\/wolkentanz7.ch\/wp-content\/uploads\/2022\/08\/FB_IMG_1659852109761-1.jpg 958w, https:\/\/wolkentanz7.ch\/wp-content\/uploads\/2022\/08\/FB_IMG_1659852109761-1-300x300.jpg 300w, https:\/\/wolkentanz7.ch\/wp-content\/uploads\/2022\/08\/FB_IMG_1659852109761-1-150x150.jpg 150w, https:\/\/wolkentanz7.ch\/wp-content\/uploads\/2022\/08\/FB_IMG_1659852109761-1-768x770.jpg 768w\" sizes=\"auto, (max-width: 958px) 100vw, 958px\" \/><\/figure>\n\n\n\n<figure class=\"wp-block-image size-large\"><img loading=\"lazy\" decoding=\"async\" width=\"830\" height=\"960\" data-id=\"135\" src=\"https:\/\/panaze.ch\/wp-content\/uploads\/2022\/01\/FB_IMG_1629631417077.jpg\" alt=\"\" class=\"wp-image-135\" srcset=\"https:\/\/wolkentanz7.ch\/wp-content\/uploads\/2022\/01\/FB_IMG_1629631417077.jpg 830w, https:\/\/wolkentanz7.ch\/wp-content\/uploads\/2022\/01\/FB_IMG_1629631417077-259x300.jpg 259w, https:\/\/wolkentanz7.ch\/wp-content\/uploads\/2022\/01\/FB_IMG_1629631417077-768x888.jpg 768w\" sizes=\"auto, (max-width: 830px) 100vw, 830px\" \/><\/figure>\n\n\n\n<figure class=\"wp-block-image size-large\"><img loading=\"lazy\" decoding=\"async\" width=\"1024\" height=\"1024\" data-id=\"136\" src=\"https:\/\/panaze.ch\/wp-content\/uploads\/2022\/01\/20200420_145031-1024x1024.jpg\" alt=\"\" class=\"wp-image-136\" srcset=\"https:\/\/wolkentanz7.ch\/wp-content\/uploads\/2022\/01\/20200420_145031-1024x1024.jpg 1024w, https:\/\/wolkentanz7.ch\/wp-content\/uploads\/2022\/01\/20200420_145031-300x300.jpg 300w, https:\/\/wolkentanz7.ch\/wp-content\/uploads\/2022\/01\/20200420_145031-150x150.jpg 150w, https:\/\/wolkentanz7.ch\/wp-content\/uploads\/2022\/01\/20200420_145031-768x768.jpg 768w, https:\/\/wolkentanz7.ch\/wp-content\/uploads\/2022\/01\/20200420_145031-1536x1536.jpg 1536w, https:\/\/wolkentanz7.ch\/wp-content\/uploads\/2022\/01\/20200420_145031-2048x2048.jpg 2048w\" sizes=\"auto, (max-width: 1024px) 100vw, 1024px\" \/><\/figure>\n<\/figure>\n\n\n\n<div class=\"wp-block-columns alignwide is-layout-flex wp-container-core-columns-is-layout-9d6595d7 wp-block-columns-is-layout-flex\">\n<div class=\"wp-block-column is-layout-flow wp-block-column-is-layout-flow\">\n<div class=\"wp-block-group\"><div class=\"wp-block-group__inner-container is-layout-flow wp-block-group-is-layout-flow\">\n<div class=\"wp-block-group\"><div class=\"wp-block-group__inner-container is-layout-flow wp-block-group-is-layout-flow\">\n<p><strong>Weiterbildungen:<br><\/strong>11\/2021-11\/2022&nbsp;Grundlagenjahr Konsana zur Ma Schamanin bei Sabine&nbsp;Kapfer&nbsp; &nbsp; &nbsp; &nbsp; &nbsp; &nbsp; &nbsp; &nbsp; &nbsp; &nbsp; &nbsp; <\/p>\n<\/div><\/div>\n\n\n\n<p>04\/2021 \u2013 11\/2021 Fachfrau Ritualgestaltung nach Sabine Kapfer<\/p>\n\n\n\n<p>2017     Wohnbegleitung Suchthilfe Olten<\/p>\n\n\n\n<p>2015-2017   Mutterkindabteilung Wegwarte Basel<\/p>\n\n\n\n<p>\u00a003\/2013 \u2013 09\/2015\u00a0 Marte Meo-Therapeutin Martemeo bedeutet aus eigener\u00a0Kraft <\/p>\n\n\n\n<p>2014-2015 Mitarbeiterin MutterKindhaus in Hindelbank<\/p>\n\n\n\n<p>\u00a02010 &#8211; 2011\u00a0 Marte Meo Anwenderin<\/p>\n\n\n\n<p>2000     Geburt von meinem Sohn Familienzeit<\/p>\n\n\n\n<p>1996-2014   Aufbau und Arbeit in der Therapiestation LIlith von Frauen f\u00fcr Frauen, M\u00fctter und Kindern in schwierigen Lebenssitutaionen<br>1990-1996\u00a0 Atelier f\u00fcr Malen als pers\u00f6nlichen Ausdruck<\/p>\n\n\n\n<p>\u00a01988 &#8211; 1990\u00a0Seminar f\u00fcr Mal- und Gestaltungstherapie in Winterthur und\u00a0 \u00a0 \u00a0 \u00a0 \u00a0 \u00a0 \u00a0 \u00a0 \u00a0 \u00a0 \u00a0Frauenfeld bei E. Brenner<\/p>\n\n\n\n<p><\/p>\n<\/div><\/div>\n\n\n\n<p><\/p>\n\n\n\n<p>Kontakt<\/p>\n\n\n\n<p>Katharina Berchtold<\/p>\n\n\n\n<p>6074 Giswil<br>Katharina.berchtold@gmail.com<br>079 945 12 25<\/p>\n<\/div>\n\n\n\n<div class=\"wp-block-column is-layout-flow wp-block-column-is-layout-flow\">\n<p><strong>Mein Weg<\/strong><\/p>\n\n\n\n<p>Im Wald tauche ich ein in ein Gef\u00fchl der Verbundenheit mit der Natur. Die Kraft der Bilder und das Zusammenspiel mit Innenwelten faszinieren mich und geben mir Lebenskraft.  <br><br>Mein Name ist Katharina Berchtold. <br>Ich bin 1964 in Giswil geboren und lebe seit 3 Jahren wieder in meiner Heimat.<br>In meiner Ausbildung als Fachfrau Ritualgestaltung bei Sabine Kapfer, habe ich meinen Ritualweg angefangen. In der Arbeit mit meinen Wurzeln und gesellschaftlichen Pr\u00e4gungen, sowie der Auseinandersetzung mit Patriarchat und Matriarchat, finde ich mein Ja zum Leben. Die Wertsch\u00e4tzung allem Leben und jedem Menschen gegen\u00fcber ist mir wichtig. <br>In der Natur und in inneren Reisen entstehen Bilder, diese haben einen geborgenen Zauber, den ich gern teilen m\u00f6chte. <br><br>MaWa Katharina<\/p>\n<\/div>\n<\/div>\n","protected":false},"excerpt":{"rendered":"<p>Will kommen Weiterbildungen:11\/2021-11\/2022&nbsp;Grundlagenjahr Konsana zur Ma Schamanin bei Sabine&nbsp;Kapfer&nbsp; &nbsp; &nbsp; &nbsp; &nbsp; &nbsp; &nbsp; &nbsp; &nbsp; &nbsp; &nbsp; 04\/2021 \u2013 11\/2021 Fachfrau Ritualgestaltung nach Sabine Kapfer 2017 Wohnbegleitung Suchthilfe Olten 2015-2017 Mutterkindabteilung Wegwarte Basel \u00a003\/2013 \u2013 09\/2015\u00a0 Marte Meo-Therapeutin Martemeo bedeutet aus eigener\u00a0Kraft 2014-2015 Mitarbeiterin MutterKindhaus in Hindelbank \u00a02010 &#8211; 2011\u00a0 Marte Meo Anwenderin [&hellip;]<\/p>\n","protected":false},"author":1,"featured_media":239,"parent":0,"menu_order":0,"comment_status":"closed","ping_status":"closed","template":"","meta":{"_coblocks_attr":"","_coblocks_dimensions":"","_coblocks_responsive_height":"","_coblocks_accordion_ie_support":"","footnotes":""},"class_list":["post-85","page","type-page","status-publish","has-post-thumbnail","hentry"],"_links":{"self":[{"href":"https:\/\/wolkentanz7.ch\/index.php?rest_route=\/wp\/v2\/pages\/85","targetHints":{"allow":["GET"]}}],"collection":[{"href":"https:\/\/wolkentanz7.ch\/index.php?rest_route=\/wp\/v2\/pages"}],"about":[{"href":"https:\/\/wolkentanz7.ch\/index.php?rest_route=\/wp\/v2\/types\/page"}],"author":[{"embeddable":true,"href":"https:\/\/wolkentanz7.ch\/index.php?rest_route=\/wp\/v2\/users\/1"}],"replies":[{"embeddable":true,"href":"https:\/\/wolkentanz7.ch\/index.php?rest_route=%2Fwp%2Fv2%2Fcomments&post=85"}],"version-history":[{"count":15,"href":"https:\/\/wolkentanz7.ch\/index.php?rest_route=\/wp\/v2\/pages\/85\/revisions"}],"predecessor-version":[{"id":543,"href":"https:\/\/wolkentanz7.ch\/index.php?rest_route=\/wp\/v2\/pages\/85\/revisions\/543"}],"wp:featuredmedia":[{"embeddable":true,"href":"https:\/\/wolkentanz7.ch\/index.php?rest_route=\/wp\/v2\/media\/239"}],"wp:attachment":[{"href":"https:\/\/wolkentanz7.ch\/index.php?rest_route=%2Fwp%2Fv2%2Fmedia&parent=85"}],"curies":[{"name":"wp","href":"https:\/\/api.w.org\/{rel}","templated":true}]}}

Über mich

<h2 class="wp-block-heading">Will kommen </h2>



<p class="has-text-align-center"></p>





<figure class="wp-block-gallery alignwide has-nested-images columns-3 is-cropped wp-block-gallery-1 is-layout-flex wp-block-gallery-is-layout-flex">
<figure class="wp-block-image size-full"><img loading="lazy" decoding="async" width="958" height="960" data-id="421" src="https://panaze.ch/wp-content/uploads/2022/08/FB_IMG_1659852109761-1.jpg" alt="" class="wp-image-421" srcset="https://wolkentanz7.ch/wp-content/uploads/2022/08/FB_IMG_1659852109761-1.jpg 958w, https://wolkentanz7.ch/wp-content/uploads/2022/08/FB_IMG_1659852109761-1-300x300.jpg 300w, https://wolkentanz7.ch/wp-content/uploads/2022/08/FB_IMG_1659852109761-1-150x150.jpg 150w, https://wolkentanz7.ch/wp-content/uploads/2022/08/FB_IMG_1659852109761-1-768x770.jpg 768w" sizes="auto, (max-width: 958px) 100vw, 958px" /></figure>



<figure class="wp-block-image size-large"><img loading="lazy" decoding="async" width="830" height="960" data-id="135" src="https://panaze.ch/wp-content/uploads/2022/01/FB_IMG_1629631417077.jpg" alt="" class="wp-image-135" srcset="https://wolkentanz7.ch/wp-content/uploads/2022/01/FB_IMG_1629631417077.jpg 830w, https://wolkentanz7.ch/wp-content/uploads/2022/01/FB_IMG_1629631417077-259x300.jpg 259w, https://wolkentanz7.ch/wp-content/uploads/2022/01/FB_IMG_1629631417077-768x888.jpg 768w" sizes="auto, (max-width: 830px) 100vw, 830px" /></figure>



<figure class="wp-block-image size-large"><img loading="lazy" decoding="async" width="1024" height="1024" data-id="136" src="https://panaze.ch/wp-content/uploads/2022/01/20200420_145031-1024x1024.jpg" alt="" class="wp-image-136" srcset="https://wolkentanz7.ch/wp-content/uploads/2022/01/20200420_145031-1024x1024.jpg 1024w, https://wolkentanz7.ch/wp-content/uploads/2022/01/20200420_145031-300x300.jpg 300w, https://wolkentanz7.ch/wp-content/uploads/2022/01/20200420_145031-150x150.jpg 150w, https://wolkentanz7.ch/wp-content/uploads/2022/01/20200420_145031-768x768.jpg 768w, https://wolkentanz7.ch/wp-content/uploads/2022/01/20200420_145031-1536x1536.jpg 1536w, https://wolkentanz7.ch/wp-content/uploads/2022/01/20200420_145031-2048x2048.jpg 2048w" sizes="auto, (max-width: 1024px) 100vw, 1024px" /></figure>
</figure>



<div class="wp-block-columns alignwide is-layout-flex wp-container-core-columns-is-layout-9d6595d7 wp-block-columns-is-layout-flex">
<div class="wp-block-column is-layout-flow wp-block-column-is-layout-flow">
<div class="wp-block-group"><div class="wp-block-group__inner-container is-layout-flow wp-block-group-is-layout-flow">
<div class="wp-block-group"><div class="wp-block-group__inner-container is-layout-flow wp-block-group-is-layout-flow">
<p><strong>Weiterbildungen:<br></strong>11/2021-11/2022&nbsp;Grundlagenjahr Konsana zur Ma Schamanin bei Sabine&nbsp;Kapfer&nbsp; &nbsp; &nbsp; &nbsp; &nbsp; &nbsp; &nbsp; &nbsp; &nbsp; &nbsp; &nbsp; </p>
</div></div>



<p>04/2021 – 11/2021 Fachfrau Ritualgestaltung nach Sabine Kapfer</p>



<p>2017     Wohnbegleitung Suchthilfe Olten</p>



<p>2015-2017   Mutterkindabteilung Wegwarte Basel</p>



<p> 03/2013 – 09/2015  Marte Meo-Therapeutin Martemeo bedeutet aus eigener Kraft </p>



<p>2014-2015 Mitarbeiterin MutterKindhaus in Hindelbank</p>



<p> 2010 &#8211; 2011  Marte Meo Anwenderin</p>



<p>2000     Geburt von meinem Sohn Familienzeit</p>



<p>1996-2014   Aufbau und Arbeit in der Therapiestation LIlith von Frauen für Frauen, Mütter und Kindern in schwierigen Lebenssitutaionen<br>1990-1996  Atelier für Malen als persönlichen Ausdruck</p>



<p> 1988 &#8211; 1990 Seminar für Mal- und Gestaltungstherapie in Winterthur und                     Frauenfeld bei E. Brenner</p>



<p></p>
</div></div>



<p></p>



<p>Kontakt</p>



<p>Katharina Berchtold</p>



<p>6074 Giswil<br>Katharina.berchtold@gmail.com<br>079 945 12 25</p>
</div>



<div class="wp-block-column is-layout-flow wp-block-column-is-layout-flow">
<p><strong>Mein Weg</strong></p>



<p>Im Wald tauche ich ein in ein Gefühl der Verbundenheit mit der Natur. Die Kraft der Bilder und das Zusammenspiel mit Innenwelten faszinieren mich und geben mir Lebenskraft.  <br><br>Mein Name ist Katharina Berchtold. <br>Ich bin 1964 in Giswil geboren und lebe seit 3 Jahren wieder in meiner Heimat.<br>In meiner Ausbildung als Fachfrau Ritualgestaltung bei Sabine Kapfer, habe ich meinen Ritualweg angefangen. In der Arbeit mit meinen Wurzeln und gesellschaftlichen Prägungen, sowie der Auseinandersetzung mit Patriarchat und Matriarchat, finde ich mein Ja zum Leben. Die Wertschätzung allem Leben und jedem Menschen gegenüber ist mir wichtig. <br>In der Natur und in inneren Reisen entstehen Bilder, diese haben einen geborgenen Zauber, den ich gern teilen möchte. <br><br>MaWa Katharina</p>
</div>
</div>
